se 5*g + 13*g = 306. Let c = 202 + g. What is the remainder when c is divided by 55?
54
Let z be (1554/5)/(34/85). Suppose 5*q + z = 26*q. Calculate the remainder when 86 is divided by q.
12
Suppose 0 = -4*p - s + 13, -8*s + 9 = -3*p - 5*s. What is the remainder when 119 is divided by (2/(-1) - p) + (6 - -3)?
4
Let g = 840 - 789. Let b(h) = -h + 2. Let y be b(4). What is the remainder when g is divided by (-26)/(-6)*(-12)/y?
25
Suppose 5*n - 5*i - 610 = 0, 2*n + i = 206 + 29. What is the remainder when n is divided by 29?
3
Suppose -b + 6*b + 4*z = 157, 70 = 2*b + 4*z. Calculate the remainder when 125 is divided by b.
9
Let p = 187 + -85. Let j = 323 + -305. What is the remainder when p is divided by j?
12
Let m be 36/18 + 30/(-1 + 3). Suppose g + 23 = m. What is the remainder when (g/9)/((-14)/2919) is divided by 28?
27
Let w be 2/(-10) + (-5 - (-444)/(-30)). Calculate the remainder when 9*w/270 - 281/(-3) is divided by 38.
17
Let w be 0*((-16)/(-12) + -1). Suppose 4*i - 81 - 71 = w. Suppose -p + 93 = 4*u, p - 239 = -2*p - 4*u. What is the remainder when p is divided by i?
35
Let w(l) = 18*l - 54. Let k be w(23). Suppose -2*f - 4*a = a - 255, 3*a - k = -3*f. Calculate the remainder when f is divided by 20.
15
Let c(v) = 12*v + 9. Let j be c(0). Calculate the remainder when (6 + (-423)/1)*(-3)/j is divided by 20.
19
Suppose -5*p - 19 = -94. Suppose 0 = -4*a + p + 41. Let z(u) = 97*u**2 - u - 1. What is the remainder when z(-1) is divided by a?
13
Let g be 3 + (-15)/6 + 44/8. Suppose -g*s = -3*s - 51. Let w = -25 + 73. What is the remainder when w is divided by s?
14
Let z = -3996 + 4046. What is the remainder when z is divided by 40?
10
What is the remainder when ((-621)/3)/(80/(-15) - -5) is divided by 3?
0
Suppose -13*g - 11*g + 13512 = 0. Let x = g + -223. What is the remainder when x is divided by 49?
46
Suppose -1945*q + 584536 = -80654. Let j = -202 - -290. What is the remainder when q is divided by j?
78
Suppose 2*l = 3*s + 280, 4*s - 137 = 4*l - 693. Suppose -157 = -5*d - 119*i + 102*i, 5*i + 51 = 2*d. What is the remainder when l is divided by d?
25
Suppose -10*s = 3*s + 35*s - 2736. Suppose -9*i + 12*i = 15. Calculate the remainder when s is divided by i.
2
Let g be 20/(6/3) - 16/4. Suppose f = g*f - 25. Suppose -3*y = f*c - 157, c - 33 = -y - 0*y. What is the remainder when 85 is divided by c?
27
Suppose 0 = -v + b - 561, -4 = -b - 2. Let l = -548 - v. What is the remainder when 196 is divided by l?
9
Let k be (36/10)/(54/1980). Suppose 0 = k*o - 130*o - 50. What is the remainder when 40 is divided by o?
15
Suppose 44*o - 1099 = 5325. What is the remainder when 450 is divided by o?
12
Suppose 1400 = 24*p - 14*p. Suppose 0 = -65*x + 60*x + p. What is the remainder when (9/6 - 2)*-106 is divided by x?
25
Let v be 155/(-248)*-2*4. Suppose -u = v*c - 2, -4*u + 118 = -2*c - 0*c. What is the remainder when 50 is divided by u?
23
Let i = 3 - -1. Suppose y + i*y = 90. What is the remainder when 1*(-12)/(-18) - 510/(-18) is divided by y?
11
Let t = -42 + 63. What is the remainder when t is divided by 24/(-3)*82/(-82)?
5
Suppose -2*m - 4*b + 88 = 0, -5*m + 5*b + 206 = 8*b. What is the remainder when 4678 is divided by m?
38
Suppose 5*x + 30 = 2*m - 29, 2*x - 79 = -3*m. Suppose 26*q - 3618 - 1946 = 0. What is the remainder when q is divided by m?
25
Suppose -3*f + 301 + 56 = 0. What is the remainder when f is divided by -234 - -202 - (-1 + -42)?
9
Suppose 10*j + 5*h - 534 = 8*j, -3*j = h - 814. Calculate the remainder when j is divided by 91.
90
Let g(r) = 33*r - 24. Suppose 3*t + 4*m + 0*m + 3 = 0, 4*t - 15 = m. Calculate the remainder when g(t) is divided by 21.
12
Suppose 23*y = 28*y - 3*o - 2044, 2*y - 3*o - 814 = 0. Calculate the remainder when y is divided by 128.
26
Let i = -34 + 72. Calculate the remainder when i is divided by (-29)/(-2) + 3/(-2).
12
Let z(b) = 200*b**3 + 2*b**2 + 6*b - 8. What is the remainder when z(1) is divided by 190?
10
Suppose -3*i + 23 = 8. Suppose 20 + i = 3*j + 5*b, -44 = -4*j - 4*b. Calculate the remainder when 100 is divided by j.
10
Suppose -3*y + 3*j + 78 = 0, 4 = -0*j + j. Let o be (15/y)/(2/(-108)). Let r = 9 - o. What is the remainder when r is divided by 13?
10
Suppose 7*i - 9 = -f + 2*i, 5*i - 25 = -5*f. Suppose -6*v - 71 = -179. Let l = v + -3. Calculate the remainder when l is divided by f.
3
Suppose -4*u - 2932 = 4*n, -3*u - 767 = n - 42. Let s = n - -784. What is the remainder when s is divided by (-14)/(-3)*(-3)/(-2)?
5
Let k(m) = 81*m - 6. Suppose -105*w + 106*w = 3*t + 49, 0 = -4*w + 3*t + 124. Calculate the remainder when k(4) is divided by w.
18
Let u = 34 + -50. Let n = 29 + u. Let k = -307 - -395. What is the remainder when k is divided by n?
10
Suppose -43 = -3*o + w, o + 849*w - 36 = 845*w. Calculate the remainder when 623 is divided by o.
15
Suppose 0 = -2*v + 5*t + 31, 0*v + 3*t = -v - 1. Suppose -501 = -v*j + 51. Let w = -3 - -10. Calculate the remainder when j is divided by w.
6
Suppose 4*v + 2*v - 36 = 0. Let h(c) = -5*c - 4. Calculate the remainder when (24 + 2)*v/4 is divided by h(-4).
7
Suppose -4*z - 10 = -9*z. Suppose z*d = 3*d - 124. Calculate the remainder when d is divided by -11 - (-4)/8*106.
40
Suppose 0 = -6*o + 146 + 40. Let f(i) = -i**2 - 63*i - 422. What is the remainder when f(-52) is divided by o?
26
Suppose 4*c + d - 128 - 133 = 0, 0 = 3*c + 2*d - 202. Calculate the remainder when c is divided by (8 + (-8 - -5))*(13 - 8).
14
Suppose -11*p + 2*j = -6*p - 2, 2*p + 3 = -3*j. Let t = 16 + -11. Suppose x - 2*l - 4 - 23 = p, -l = t*x - 157. What is the remainder when x is divided by 11?
9
Let b(a) = 8*a**3 - 2*a**2 + 9*a - 12. What is the remainder when b(3) is divided by 63?
24
Let i be -7 + (13 - 7) - -31. Suppose 30*u - 180 + i = 0. Calculate the remainder when u is divided by 3.
2
Let c = 0 + 6. Let r(y) = y**2 - 10*y - 8. Let i be r(11). Suppose i*k = -k + 116. What is the remainder when k is divided by c?
5
Let q(k) = 30*k + 105*k**2 - 108*k**2 - 5 + 29*k + 14. What is the remainder when q(12) is divided by 16?
13
What is the remainder when 3611 is divided by 2*(7 + 4/8)?
11
Suppose -364 = -110*a + 106*a + o, 2*o = -4*a + 352. Calculate the remainder when 269 is divided by a.
89
Let m(n) = n**3 + n**2 - 15*n + 219. What is the remainder when m(7) is divided by 290?
216
Let y(n) = -n**2 + 612*n - 20172. Suppose -106 = -4*g + 150. What is the remainder when g is divided by y(35)?
18
Let i = 20593 - 20538. Let r = 5 + -3. Suppose 4*z - 110 - r = 0. What is the remainder when i is divided by z?
27
Let y(p) = -1019*p - 2816. What is the remainder when y(-5) is divided by 252?
11
Let m be (-2)/(((-2)/8)/(3/2)). Suppose 5 = -g - 5*j + 18, -4*j = -m. What is the remainder when (-10)/g*(8/2 + -1) is divided by 3?
0
Suppose 42*b - 1030 = 1406. What is the remainder when b is divided by 10?
8
Suppose 0 = 4*i - 20, 3*i - 1 = g - 14. Suppose -6*l + 114 + 60 = 0. What is the remainder when l is divided by g?
1
Let s(t) = 16*t - 17. Suppose 5*c = 3*r + 8, -3*r - 5 + 13 = -c. What is the remainder when s(c) is divided by 13?
8
Let b(f) = 6*f**2 - 3*f + 961. Let j be b(0). Let r = -531 + j. Calculate the remainder when r is divided by 16.
14
Suppose -42 = -3*o + 10*o. Let a(m) = -8*m - 7. Let h be a(o). Let t = h + -20. Calculate the remainder when 62 is divided by t.
20
Suppose -257*g - 48*g + 156*g + 11026 = 0. What is the remainder when 5548 is divided by g?
72
Suppose 0 = -4*q + 3*l + 32, 7*q - 3*q + 5*l = 64. What is the remainder when 437 is divided by q?
8
Suppose 3*n - 1430 = 4*s + 5*n, -s - 347 = -3*n. Let c = -317 - s. Calculate the remainder when c is divided by 10.
9
Let u be ((-316)/(-8))/((-7)/(-126)). Suppose 67 = -28*h + u. Calculate the remainder when 252 is divided by h.
22
Suppose 131 = 2*g + i, i - 3*i - 78 = -g. Suppose -x - g = 9*d - 14*d, -d + 7 = 2*x. Calculate the remainder when 21 is divided by d.
8
Let x(t) = 149*t + 2124. What is the remainder when 976 is divided by x(-14)?
26
Let w = 31431 - 31034. Let l = -52 - -77. Calculate the remainder when w is divided by l.
22
Let h = 11424 + -8357. What is the remainder when h is divided by 759?
31
Let f be (-2 - -6) + (46 - 9). Suppose -3*a = -f - 1. Let r = -1000 - -1066. Calculate the remainder when r is 